b - 6*b = 83, 503 = 5*w + z*b. Let k = 1 + 8. Calculate the highest common divisor of w and k.
9
Suppose -28 = 17*b - 15*b. Let v(a) = -a**3 - 14*a**2 - 2*a + 11. Let p be v(b). What is the greatest common divisor of 390 and p?
39
Suppose 55*a = p + 54*a - 3932, -3*p + 5*a = -11782. Calculate the greatest common factor of p and 39.
39
Suppose -15*x + 8*x = -6566. What is the greatest common divisor of x and 3082?
134
Suppose -88*c = -79*c + 27. Let r(q) = 3*q**2 + 10*q + 24. Let o be r(c). What is the highest common divisor of o and 399?
21
Suppose -1383 = -99*a + 1389. Calculate the highest common divisor of a and 462.
14
Let n(m) = 4*m**2 - 5*m - 8. Let u(v) = 7*v**2 - 9*v - 18. Let g(c) = -5*n(c) + 3*u(c). Let k be g(6). Calculate the highest common factor of 15 and k.
5
Suppose 3*c = 5 + 1. Let u = -107 - -106. Let q be -4*(-4)/(-1)*u. What is the greatest common factor of q and c?
2
Suppose -7*w - 36 = 5*w. Let t be 80 - w - (-4 + 3). Let d be -4 - (-24 - (2 - 1)). Calculate the greatest common factor of t and d.
21
Let o be (52/12 - -1)*(-198)/(-12). Suppose 4*s + o = -2*w + 432, -5*s + 345 = 2*w. What is the greatest common factor of w and 102?
34
Let w be (-1)/(-1)*21/7. Suppose -a + 2 + 1 = 0. Suppose g + a*o + 4 - 19 = 0, 3*o = 4*g. What is the highest common divisor of w and g?
3
Let u(f) = f**2 + 10*f - 63. Let l(o) = o**2 - 15*o - 31. Let q be l(16). Let p be u(q). Calculate the greatest common factor of p and 48.
12
Suppose 6933 + 9399 = 40*t + 5972. What is the greatest common factor of 77 and t?
7
Suppose 58*u - 76 = 38*u + 44. What is the greatest common factor of u and 11334?
6
Let i(k) = -k**3 + 31*k**2 - 219*k + 2. Let y be i(20). What is the highest common factor of 2222 and y?
22
Suppose 7*q - 11*q - 4*k = -44, 4*q - 2*k - 56 = 0. Let n(v) = -v**3 + 12*v**2 + 12*v + 31. Let w be n(q). Calculate the highest common divisor of w and 42.
6
Let m = 21 + -12. Suppose 132 = 4*g + 4*n, -6*n - 72 = -2*g - 2*n. Let l be g/1 + 7*6/21. Calculate the highest common divisor of m and l.
9
Suppose 36*i - 525 = 10*i + 11*i. Calculate the highest common divisor of i and 6860.
35
Suppose c + 3*r + 3 - 9 = 0, 5*c - 2*r + 38 = 0. Let m be (7 - (-215 - 0)) + c. Calculate the greatest common factor of 24 and m.
24
Let x = -857 - -1276. Suppose 6*c + 59 = x. Calculate the highest common factor of c and 45.
15
Let s = -4 + 7. Suppose -28*z + 68*z = 17*z + 2829. What is the greatest common factor of s and z?
3
Let w = 600 + -427. Let g = w - 117. Suppose 4*t - 40 = -4*p, 4*t = -2*p - 3 + 27. Calculate the greatest common factor of p and g.
8
Suppose 4*s + 126 = -r, -2*r + 6*r + 4*s = -564. Let k = -91 - r. Let u be (k/(-30))/((-6)/36). What is the highest common divisor of u and 341?
11
Let p(f) = f**2 - 8*f + 6. Let j be p(8). Let k = -75 + 79. Suppose -5*r + 70 = 3*a, 39 = -3*a + k*r + 145. Calculate the greatest common divisor of j and a.
6
Suppose -12*c - 9904 = -2536. Let q = c - -636. Let w = -4 + 6. What is the greatest common factor of q and w?
2
Suppose -2*o + o + 4*j + 49 = 0, 0 = 2*o - j - 112. Suppose 59*q - o*q - 72 = 0. What is the greatest common divisor of 48 and q?
12
Suppose -41*w - 1254 + 1027 = -4081. Calculate the greatest common divisor of 6439 and w.
47
Let x = 46539 - 45437. What is the greatest common factor of 494 and x?
38
Let z(l) = 17*l**2 - l - 12. Suppose -3*u + 256 = -5*o, 5*u = u + o + 313. Let i = 72 - u. Let p be z(i). What is the greatest common factor of 38 and p?
38
Let s(j) = -9*j - 88. Let h be s(-16). Suppose -4*u + 154 = 3*i, 5*i = -7*u + 2*u + 190. What is the greatest common divisor of u and h?
8
Let j be (-13)/39 - (-1802)/6. Let h = 46 + -34. What is the greatest common factor of h and j?
12
Let b = 536 - 294. Suppose 0 = -4*x - 22 + 2. Let r be -5*x/(75/66). Calculate the greatest common divisor of b and r.
22
Suppose -6*t + 0*t = -18. Suppose -156 = -3*i - t*g, -5*i + 140 = -2*g - 148. Calculate the highest common divisor of i and 8.
8
Let q(l) = 2*l**2 + 4*l + 7. Let w be q(-6). Let d = -51 + 73. Suppose -z + d = -0*z. Calculate the greatest common factor of w and z.
11
Let u be (2/3)/(13/226044). What is the greatest common factor of 112 and u?
56
Let c = 381 + -652. Let i = -186 - c. Calculate the highest common divisor of i and 17.
17
Let v(z) = -z**3 - 3*z**2 - 5*z - 6. Let l be v(-6). Let n(q) = -2*q**2 - 2*q - l + 152 + 0*q. Let r be n(0). Calculate the greatest common divisor of r and 40.
20
Let g(k) = 3*k + 65. Let r be g(-20). Suppose 0*p - 22 = -3*p - r*q, 4*p - 37 = q. What is the highest common factor of p and 153?
9
Let y = -19134 - -19521. What is the highest common divisor of 153 and y?
9
Let i(y) = -y**3 + 5*y**2 - 7*y + 44. Let z be i(5). What is the highest common factor of 369 and z?
9
Let m be 74/6 + ((-95)/15 - -6). Suppose 2*a = -w + 217, -a + 93 + m = -3*w. What is the highest common factor of 12 and a?
12
Suppose 408*y - 10141 + 349 = 0. Suppose 2*t + 2*x - 65 + 7 = 0, t - 20 = -4*x. What is the highest common divisor of y and t?
8
Suppose 68*x + 95100 = 1248962 + 717022. What is the highest common factor of 27 and x?
27
Let l = 1411 - 1384. Suppose 6*o + 297 = 7*o. Calculate the highest common factor of l and o.
27
Let u be (-12)/54 - 56/(-9). Suppose 77 = u*c - 133. What is the highest common divisor of c and 420?
35
Suppose -j = -0*j - 2. Let d be 2*(2 - -3)*4. Let m be 2/(-5) + 16/d + 5. What is the greatest common factor of m and j?
1
Let g = -3480 + 3510. Suppose -i + 6*i = 60. Calculate the highest common divisor of i and g.
6
Let p be (-2)/(((-4)/(-5))/(-2)). Suppose 36 = -11*r + 6*r + 2*t, -4*t = r - 6. Let o be -10 - r - -7 - -22. Calculate the highest common factor of o and p.
5
Suppose 0 = f - 30 - 333. Suppose 16*c + 632 = 8*c. Let a = -46 - c. Calculate the highest common divisor of a and f.
33
Suppose 0 = w + 22*p - 24*p - 422, -14 = 7*p. Calculate the greatest common factor of 1330 and w.
38
Suppose 0 = 2150*n - 2141*n - 20286. Calculate the highest common divisor of 98 and n.
98
Let y = 67 - 59. Suppose 0 = -5*p + y*p - 93. Let i = p + -10. What is the highest common factor of 21 and i?
21
Suppose 150 = 3*m + 4*p, -51*p = -52*p. What is the greatest common divisor of m and 20?
10
Let g be (6/(-12)*11)/(2/(-4)). Let l(d) = d**3 - 6*d**2 + 5*d + 8. Let y be l(5). Suppose 3 + y = m. What is the greatest common factor of g and m?
11
Suppose 4*g - z = -2640, -52*g + 48*g + 4*z = 2652. Let a = -620 - g. Calculate the greatest common factor of a and 21.
3
Suppose 1962*o = 1960*o + 76. Calculate the greatest common divisor of o and 8.
2
Suppose -u + b + 18 = -84, -b = u - 102. Suppose 0 = -n + 38 + u. Suppose 3*i - 2*i - 1 = 0, -i = -4*v + 223. What is the highest common factor of n and v?
28
Let v(p) = 6*p**2 + 66*p + 265. Let b be v(-21). What is the highest common divisor of b and 5?
5
Let u be -2052 + 3/(-9)*3. Let g = -1041 + u. Let j be 1 - (-3)/(-9) - g/21. Calculate the highest common divisor of 37 and j.
37
Let y = -1260 - -1278. Calculate the highest common factor of 18 and y.
18
Suppose -4*d + 5*d = -2, 15 = 3*n - 3*d. Suppose -2*s + s + 31 = -3*h, 4*s - 133 = n*h. Calculate the highest common divisor of 2 and s.
2
Suppose 2619 + 3261 = 4*q + 5*z, 0 = 2*q - z - 2940. Calculate the highest common factor of 140 and q.
70
Suppose -118*d + 28*d + 37*d + 477636 = 0. Calculate the greatest common factor of 12 and d.
12
Suppose 10*m - 660 = 5*m. Let k(s) be the first derivative of -7*s**2/2 + 103*s - 16. Let n be k(13). What is the highest common divisor of m and n?
12
Suppose 25 = -68*i + 73*i. Suppose -2*h - 184 - 576 = -5*j, -i*h = 25. What is the highest common factor of 25 and j?
25
Let g = -167 - -171. Suppose -3*s + g*z + 600 = 0, 13*s + 2*z + 200 = 14*s. Calculate the highest common factor of 150 and s.
50
Suppose 15*q + 4340 = 7100. Calculate the highest common divisor of 69 and q.
23
Suppose -2*w + 0*w + 2 = 0. Let d be 1/((2 + -4)/(-2))*0. Let m(z) = 2*z**2 + 4*z + 11. Let p be m(d). What is the highest common divisor of w and p?
1
Let j(k) = 13*k - 211. Let m be j(19). What is the greatest common divisor of m and 45?
9
Let a(r) = 3*r**3 - 31*r**2 + 28*r - 24. Let z be a(10). Suppose 277*c - 271*c = z. Calculate the greatest common divisor of c an